(-4 - (-3 - 5) - -33).
-20
What is the value of -649 + 581 + (18 - -11)?
-39
What is 33 - (0 + -5 - (-11 - -18 - -2))?
47
What is -4 - (-36 - -16 - -31 - (0 - 0))?
-15
Calculate 38 + (57 - (-31 + 40) - 42).
44
What is -6 - (-2 + (-4 - -5)) - (-14 - -4)?
5
Calculate (-86 - -58) + (-26 - -12) + (0 - 4).
-46
What is the value of 34 + 1 - (30 + (-118 - -243))?
-120
What is the value of 68 - (-47 + 59 + 11 + -33)?
78
What is the value of 3 + 48 + (2 - 4 - (87 - 76))?
38
-26 + ((80 - 45) + -86 - -2)
-75
What is 107 + (-4 - -9 - -4) + (-2 - (-21 + 19))?
116
Calculate 46 + 2 + 3489 + -3606.
-69
Calculate 6 - -38 - (34 - 15).
25
What is the value of 26 - (9 - (-39 + 3))?
-19
Calculate 47 + (25 - (4 - -74)).
-6
Evaluate 97 + -327 + 81 + 29.
-120
286 + -62 + -117 + -76
31
What is 0 + 40 - (12 - (18 - 5))?
41
1 + -48 + 3832 + -3858 - (-20 - -2)
-55
What is -31 + (-41 - (-27 - 24 - -23))?
-44
Evaluate -105 - -95 - ((-2 - -2) + -60 + (-7 - -5)).
52
What is 20 + 9 - (10 - 33 - 14)?
66
Calculate (-3 - -16 - (29 - 36 - -7)) + 12.
25
Evaluate (-12 - (-191 + 198 + (-17 - 0))) + 38.
36
Calculate -10 + (-2 - ((14 - 18) + 10 + -4 - 83)).
69
Calculate 6 - -22 - (-2 - -31) - (0 - (3 - 0)).
2
Calculate 56 - (8 - -19) - 22.
7
Calculate -4 - 4 - (-2 + -18) - (-27 + 25).
14
What is 63 + (95 - 46 - 48)?
64
What is -6 + (-15 + 25 - 1) + -1 + -11?
-9
-2 + -11 - (0 + 58 + 2 + (-5 - -18))
-86
40 - (12 + 7 + -25 + 23)
23
Evaluate -19 - -10 - (8 - -11).
-28
What is -12 - (119 - (24 - -70))?
-37
Calculate ((16 + -12 - -9) + -114 - -4) + -1.
-98
15 - (41 + -64 + 26)
12
What is the value of 47 - (17 - (-23 + 24) - 1)?
32
Evaluate (-59 - (-29 + -9)) + -18.
-39
Calculate 7 + (-2 + -7 + 11 - 49).
-40
Calculate -33 - (0 + 27 + -19 + 1).
-42
Evaluate (-2 - (-1 + -4)) + (1 - 22 - (-186 + 123)).
45
What is -48 + 1 + (30 - 31) - (-9 - 10)?
-29
-87 - ((-30 - 28) + 19)
-48
What is 0 + -3 + -1 - 12 - (317 + -320)?
-13
What is 6 - (46 - 53 - 3)?
16
Calculate (-83 - (5 - 12)) + 40 + -17.
-53
What is the value of -19 + 6 - -3 - (-26 + -18 + 5)?
29
Evaluate -48 - -45 - -39 - ((1 - -15) + 0).
20
What is the value of (-2 - -1) + -45 + (-9 - 28) + 4 + -3?
-82
Evaluate 8 + -27 + 1 + (-66 + 63 - 13).
-34
12 - (49 + -14) - (-10 - -5)
-18
What is the value of 53 + -86 - -47 - 106?
-92
3 + -84 + -5 - (-139 + 124 - (-12 + 2))
-81
Calculate 53 + -1 - 0 - ((-38 - -49) + -9).
50
-21 + ((2 - 4) + 3 - (23 - (61 + -41)))
-23
What is the value of 180 - 203 - ((4 - (5 + -11)) + 2)?
-35
What is the value of -2 - (-13 + 77 + -34)?
-32
Calculate (-3 - (-24 + 30)) + (32 - -3) + 17 + -5.
38
What is (-64 - -27 - -7) + 14 + -2 + 2?
-16
What is 11 + 15 + -41 + 21?
6
4 + 9 + (35 - 86 - -14)
-24
What is 54 - (-68 - -87) - (11 + -5)?
29
Calculate -31 - 20 - (-89 - -47).
-9
-1 + 54 - (-13 - (11 + -25 - (-3 + 3)))
52
What is -79 + -3 - (-1488 - -1390)?
16
Calculate 5 + -1 - (17 + -21 + (17 - -35)).
-44
(18 + -21 + -12 - 6) + 18
-3
Evaluate (36 + -101 - -28) + 43 - (57 - (-1 - -1)).
-51
Calculate 89 - 17 - 116 - -163.
119
Evaluate 3 + 21 + 16 + 21 + -43.
18
What is (500 - 472) + (0 - (-2 - 76))?
106
What is -129 - ((149 - 271) + 142)?
-149
-6382 - -6355 - (3 - (2 - 1) - -1)
-30
Evaluate -24 + 9 + -11 + 0 + (-55 - -70).
-11
What is the value of -1 + (1 + -11 - 2) + (622 - 151 - 442)?
16
Calculate 11 - ((-9 - -1) + (-81 - (-5 - 11)) + -4).
88
Calculate (11 - 13) + (29 - -17) + -16 + -9.
19
What is the value of (-13 - (-50 - -38) - -56) + 21?
76
Evaluate -4 - -45 - (-41 + 33 - -24 - 30).
55
Calculate -13 + 10 + 18 + -2 - -7.
20
What is 38 + 14 + -1 + 18 + 15?
84
What is the value of 34 + 1 - ((-7 - -188) + -120)?
-26
What is the value of 3 + 25 - (-270 - -320)?
-22
Evaluate 17 + -6 + -1 + (32 - 7) + 7.
42
What is (-3 - 6 - 0) + -1044 + 1027?
-26
What is (-1 - 3 - 3 - (8 - (-21 - -34))) + -30?
-32
Evaluate (85 - 62 - 3) + (-56 - 0) + (0 - 2).
-38
2 + 2 + (7 - (1 + 9 - -1)) + -55
-55
Evaluate 102 - (-128 + -23 + 309).
-56
(18 + -2 + 0 - -1) + (195 + 524 - 704)
32
(-47 - -12 - -39) + 72
76
What is 69 + (19 - (20 + (-4 - -34)))?
38
Evaluate (-56 - -34) + 45 + -20.
3
What is the value of -20 - (5 + -14) - ((-13 - -8) + 12)?
-18
Evaluate 3 - (-4 + -10 + -1 - (-691 - -770)).
97
Calculate 8 - (-1 - -52 - (-84 - -73)).
-54
What is -65 + -9 + 3 + 35?
-36
(-2 - -5) + -7 - ((7 - 22) + 5)
6
Calculate 46 + -38 + (4 - (72 + -6) - 1) + 14.
-41
What is the value of 47 - ((22 - (3 - -8)) + (-19 - -15))?
40
What is the value of 1 + (-19 - (3 - 2)) + 291 + -278?
-6
-41 + -49 + 68 - -6
-16
30 + 12 + (-44 - (9 + -39))
28
What is 52 + 101 - 90 - -14?
77
-34 + -38 + 27 - (9 + -24)
-30
Calculate 43 + (-27 - (-10 - 6)) + -62.
-30
What is 8 + -34 - (13 - (2 - 3) - (130 - 114))?
-24
What is 8 + -3 + (53 + -93 - -58)?
23
What is the value of (-7 - (-10 + 15 + (-22 - (-5 + -2)))) + -49?
-46
Evaluate -1 + (-5 - -1) + (-4 - -56) + -106.
-59
Calculate 3 + 2 - ((-199 - -182) + -2 + 22).
2
What is (-1 - 1 - (1 + 0 + -7)) + -2963 + 3000?
41
Calculate (-21 - -38 - 16) + 27 - 79.
-51
Calculate (3 - (4 - -7)) + -1 - (-51 + -12 + 3).
51
-106 + (-25 - (-65 - -19)) + 0 + -11 + 2
-94
What is the value of -1 + -5 - (-22 - (-114 - (16 - 37)))?
-77
Calculate -26 - (-50 + 27) - (31 - 20).
-14
Calculate (-119 - -35) + -7 + -8 + 3 + 2.
-94
(-1 - 2) + -1 + 21 + 39
56
Evaluate (-3 - 3 - (-7 - 3)) + 6 - -41.
51
Evaluate -1 - -129 - (-788 + 901).
15
11 - ((124 - 105 - ((2 - -8) + -1)) + -3)
4
What is 2 + -16 - (539 + -594)?
41
Calculate -9 + (102 - -2) - 12.
83
Calculate (-8 - (103 - 107)) + (1 - 1).
-4
Calculate 3 - 11 - -10 - (-146 + 134 + -39 + -1).
54
What is (-15 - ((1 - 2) + (11 - 0))) + 0?
-25
Evaluate (750 - 685 - ((2 - 2) + (3 - 3))) + 5.
70
-58 + (15 - -13) + 37
7
What is the value of -2 + -7 + -112 + 47?
-74
Evaluate 190 + -174 + (0 - 23) + (-1 - 13) - -4.
-17
What is 15 + (22 - 65) + 2?
-26
What is the value of 523 + -526 - ((-72 - 1) + -2) - (0 - 8)?
80
What is the value of 37 + -10 + 9 + -51?
-15
21 + (-12 + -3 - -8) - 4 - (-47 - 25)
82
Evaluate -55 + (-13 - (38 - 24) - -40).
-42
Evaluate -8 - (15 - 91 - (1 + (16 - 7) + -24)).
54
Evaluate 30 + 68 + 56 + -102.
52
Calculate 838 + -835 + (-55 + -9 - (-5 + 1)).
-57
What is -67 - (-12 - ((-8 - -8) + -10 - 4))?
-69
(77 - 3) + (43 - (121 - 51))
47
What is the value of -3 - 3 - -17 - (25 - 11)?
-3
What is the value of 100 + -124 + 13 + -61?
-72
What is (-32 - (16 + -9)) + -3?
-42
What is (21 - 4) + 2 + (-861 - -870)?
28
What is 6033 + -6169 + -1 + 92?
-45
What is the value of (4039 - 4059) + (-38 - (-9 + 1 + 4))?
-54
What is the value of (12 - ((5 - 4) + 4 - -4)) + 18?
21
Calculate 27 - (52 + (-39 - (6 - 8))).
12
Calculate 45 + -9 + -4 - ((7 - 8 - -17) + -9).
25
Evaluate 15 + (19 + -8 - 15 - (7 - 9)).
13
(2 - 18) + -9 + -26 + (30 - 7)
-28
Evaluate (1 - -13) + (-26 - (98 - 38)).
-72
What is the value of 100 + (16 - -1 - 74)?
43
Evaluate 17 + -2 + 9 + (-38 - -51 - 43).
-6
Calculate 1043 + -1055 + (18 - 2).
4
What is the value of (-1 - -24) + -5644 + 5681?
60
What is (-11 - ((5 - 4) + -2)) + 4 - (-167 - -184)?
-23
Calculate (-5 + 1 - (1 - ((3 - 13) + 5))) + 0.
-10
Calculate -7 + (-34 - ((-9 + 8 + 8 - 12) + 0)).
-36
Evaluate (7 + 1 - (-452 - -456)) + 6.
10
Evaluate 152 - 284 - (74 - 102).
-104
What is -2 + -2 - (-75 + -10 + 18 - -25)?
38
What is the value of 85 + -30 - 33 - (8 - -21)?
-7
What is 9 + (34 - (3 + -5 - (-20 - -33)))?
58
Calculate 7 + -1 - (29 - 27 - 4 - 5) - 114.
-101
Calculate 23 + -3 + -1 + (9 + 44 - 31).
41
(3 - 69 - 3) + -6 - ((2 - -19) + -31)
-65
7 - (106 - -2) - (1471 - 1433)
-139
What is -12 + (-2 - -51) + 25 + -11 + 9?
60
What is the value of (5 - 0 - (9 - 4)) + (-12 - (-81 + -41))?
110
What is the value of (1 + -4 - (96 - 16)) + -5 - -20?
-68
What is the value of 5 + 21 + -9 - (-30 - -9)?
38
Evaluate (38 - 12) + -54 + 87 - (1 - -9).
49
What is the value of -14 - (-4 + -19 + 32 + -7 - 4)?
-12
What is the value of -17 + (-15 - (-17 + 6 - 16))?
-5
Calculate 1 + (-40 - 0) + 18465 + -18487.
-61
What is the value of 309 - (164 + -52) - 81?
116
What is the value of 80 + (-27 - (19 + (-54 + 14 - -14)))?
60
-114 - (13 - 7 - (1 - -13) - 3)
-103
What is 3 + 3 + (-22 - (-14 - -9)) + -18?
-29
Calculate -28 - (-34 + -67 + 53).
20
What is -73 - (90 + -5 - 98)?
-60
What is 7 + 0 - (-2 + -1 - (-38 + (-25 - -52)))?
-1
W